tors of u?
2, 3, 1483
Let p = 18201 - 7390. What are the prime factors of p?
19, 569
Let f(x) = 16*x**2 - 50*x - 114. What are the prime factors of f(-19)?
2, 3, 19, 29
Let b = -40 + 49. Suppose 8*h - b*h - 21 = 0. Let y = h - -98. List the prime factors of y.
7, 11
Let n(z) = 832*z**3 - 4*z**2 + 4*z - 3. Let v be n(1). Suppose -856 = -v*s + 821*s. List the prime factors of s.
107
Suppose 4*n + 8 - 21 = -o, 4*o - 2*n + 38 = 0. What are the prime factors of o/((-7)/6) + 1019?
5, 41
Suppose 0 = -94*i + 361446 + 49804. List the prime factors of i.
5, 7
Let m(y) = 80*y**2 - 60*y + 4. List the prime factors of m(6).
2, 631
Let z be (-8)/28*(-4 + -10). Let u be 3 - (-4 - (-4 + (26 - -5))). Suppose z*t = -u + 414. List the prime factors of t.
5, 19
Let l be (-5 - (-3)/1) + (8 - 3). Suppose -152 = l*k - 947. List the prime factors of k.
5, 53
Let u(k) = k**3 + 10*k**2 - 7*k - 38. Let w be u(-7). Suppose -n + w = 4. What are the prime factors of n?
2, 7, 11
Let t(k) = -1780*k**3 + 8*k**2 + k - 39. What are the prime factors of t(-3)?
2, 3, 5, 7, 229
Let j = 4567 + -728. What are the prime factors of j?
11, 349
Suppose 0 = -3*p + 16 - 1. Let r(a) = 50*a**2 + 5575*a - 5577*a + 10 - 48*a**2. What are the prime factors of r(p)?
2, 5
Let d be (-1)/(1 - 4) + 1623/(-9). What are the prime factors of -4 + -2 + (d/(-2))/5?
2, 3
Let w be (5/(-15))/((-12)/108). Suppose 1032 = w*o + 225. List the prime factors of o.
269
Let q(m) = -4*m**2 + 2*m - 11 + 56*m**2 + 8 + 0. Let f be q(-3). Let i = 661 - f. What are the prime factors of i?
2, 101
Let b be ((-950)/35)/(18/21 + -1). Suppose 4*z = 5*c + 1328, -121 - b = -z - 4*c. Suppose -164 = -s + p - 2*p, 2*s + p - z = 0. List the prime factors of s.
163
Suppose -o + 37661 = 4*n, -98*o + 4*n = -101*o + 112991. What are the prime factors of o?
3, 5, 31
Let h(q) = q**3 + 33*q**2 - 3. Let y be h(-33). What are the prime factors of (-627)/y - (-16 - -23)?
2, 101
Let h = 27835 + -7948. What are the prime factors of h?
3, 7, 947
Let f = -107 + 124. Suppose f*i = -2*i + 323. List the prime factors of i.
17
Let x be 3*(-30)/(-25)*5. Suppose -t - x*t = -6460. What are the prime factors of t?
2, 5, 17
Let g be ((-805)/14)/(-23)*12/5. Suppose -g*s + 2*q - 4558 = -9*s, -4*s + 6039 = -5*q. What are the prime factors of s?
2, 379
Let m = 10 + -5. Suppose 4*g + 8 = 4*i, -5*i = -20 - 5. Suppose m*y = -d + 107, -3*d - g = -9. What are the prime factors of y?
3, 7
Let j(u) = -2*u**3 - 8*u + 11971. What are the prime factors of j(0)?
11971
Let n(a) = 3*a**2 + 21*a + 12. Let i be n(-6). Let x be i/(-30) + 558/10. Let d = 94 + x. List the prime factors of d.
2, 3, 5
Let g be (-56)/(-35) + 4/10. Let w be (19 - -4)*g - 4. List the prime factors of ((1 - 2) + -74)/(w/(-28)).
2, 5
Let f = -15 + 17. List the prime factors of (f - 1325/(-10))*2.
269
List the prime factors of (-240)/(-20) - -21460 - (-13 + 1).
2, 41, 131
Let s(z) = -2*z**3 - 3*z**2 + 4*z - 1. Suppose -5*j + 1 = -4*r, r + 0 = -4. Let v be s(j). What are the prime factors of v - (3 - 2)*1*1?
13
Suppose 0 = -11*p - 4 - 40. Suppose 3*y - 1 = -2*x, 9*x + 4 = -y + 4*x. List the prime factors of 260 - 1 - p*y.
263
Let b(o) = 8020 - 8001 - 268*o + 105*o. What are the prime factors of b(-5)?
2, 3, 139
Let r be 8 + -5 + (-8)/(-4). Suppose -r*u - 1200 = -2*h, 3*h + 0*u - 1762 = -2*u. List the prime factors of h.
2, 5, 59
Let s(j) = -3*j - 22. Let m be s(-8). What are the prime factors of (-7)/((-42)/1170)*m/6?
5, 13
Let l = -3382 - -3507. Let a be -33*1*2/(-6). Suppose -b + l = -a. What are the prime factors of b?
2, 17
Let b(w) = 420*w - 10427. What are the prime factors of b(96)?
167, 179
Suppose 3*o = -2*g + 141987, 108*o - 111*o + 2*g = -141999. What are the prime factors of o?
3, 1753
Let w(x) = -455*x**2 - 23*x - 14. Let r(j) = -152*j**2 - 7*j - 4. Let a(o) = -7*r(o) + 2*w(o). List the prime factors of a(1).
157
Suppose 13*u + 2862 = -18*u + 93506. List the prime factors of u.
2, 17, 43
Suppose 3*k + 3 - 6 = 0. Let u be 3/(9/15)*k. Suppose 2*m - u*q - 109 = -0*q, -3*m - 4*q = -106. List the prime factors of m.
2, 3, 7
Let s(z) = -274*z**3 - 2*z**2 - 26*z - 167. List the prime factors of s(-4).
107, 163
List the prime factors of (-33)/22*2 - 2 - (-43933 - -1).
13, 31, 109
Let x(s) = s**3 - 23*s**2 + 31*s + 5. Let t(z) = z**2 + 7*z - 8. Let l be t(3). List the prime factors of x(l).
7, 29
Let y = -15555 - -24136. List the prime factors of y.
8581
Let z be 5/(-25) + 1382/10. Suppose -2*l = 2*p - 4, -2*l - 4*p + 2 = -0*p. Suppose g + z = l*g. What are the prime factors of g?
3, 23
Let n be ((-30586)/(-41))/(0 - -1). Let y = n + -405. What are the prime factors of y?
11, 31
Let b be (5/(-5))/((-2)/26). Suppose 2*s = b*s - 44. List the prime factors of s.
2
Let f be 88/33 + 2/(-3). Suppose -7*y = f*y - 6300. Suppose -5*n = -10*n + y. List the prime factors of n.
2, 5, 7
Let q(b) = -7535*b + 46. List the prime factors of q(-1).
3, 7, 19
Suppose 14*b - 24 = 8*b. What are the prime factors of ((-19)/((-285)/168))/(b/30)?
2, 3, 7
Let o = -22023 - -35201. List the prime factors of o.
2, 11, 599
Let n be 4/10 + 456/285. Suppose n*b = 399 - 47. List the prime factors of b.
2, 11
Let d(b) = -b**3 - 8*b**2 - 38*b. Let h be d(-8). Suppose h*t - 300*t - 3744 = 0. What are the prime factors of t?
2, 3, 13
Let s(o) = -3*o**2 + 15*o + 6. Let v be s(5). Let h be -3*3/((-27)/v). Suppose 90 = h*k - 170. What are the prime factors of k?
2, 5, 13
Let d be (-125)/25 - (0/(-2) + 1). Let r be 1883/5 + d - (-4)/10. Suppose -6*h + r = -289. List the prime factors of h.
2, 5, 11
Let t = 5628 - 4484. List the prime factors of t.
2, 11, 13
Let d(j) = -2*j**3 - 45*j**2 + 24*j + 26. Let g be d(-23). Suppose z + g*z - 8 = 0, -5*s + 769 = 2*z. What are the prime factors of s?
3, 17
Let l be (-7 + 5)*(-2)/(-8)*-4. Suppose -3*s = l*b - 886, -2*b - 6*s + 4*s + 890 = 0. What are the prime factors of b?
449
Suppose 557*z - 561*z + 7083 = -6253. List the prime factors of z.
2, 1667
Let b(o) = -156*o - 13. Let d be b(-3). Suppose 0 = 3*n - d + 83. List the prime factors of (-46)/69 - n/(-6).
2, 5
Let n = 7519 + -5232. What are the prime factors of n?
2287
Suppose -3*z = 2*k - 8403, -7*z = -3*z - 4. Suppose -k = 22*d - 36*d. List the prime factors of d.
2, 3, 5
Let g(b) = -2*b**2 + 17*b - 4. Let s be g(2). Let o = s + 417. List the prime factors of o.
439
Let i(j) = -14*j**3 - 12*j**2 - 248*j + 20. What are the prime factors of i(-13)?
2, 3, 73
Suppose 5*n - z - 16692 - 11293 = 0, -3*n + 3*z = -16803. What are the prime factors of n?
2, 1399
Let i(r) = -9*r**2 - 9*r + 8. Let q = 14 - 22. Let b be i(q). Let a = -334 - b. What are the prime factors of a?
2, 3
Let h = 53305 + -25503. What are the prime factors of h?
2, 13901
Let k(t) = 21*t**2 + t + 1. Suppose -5*y - 7 = 23. Let p = y - -5. What are the prime factors of k(p)?
3, 7
Let x(b) = 25*b + 7. Let g(s) = -126*s - 34. Let v(m) = -3*g(m) - 14*x(m). List the prime factors of v(6).
2, 43
Suppose -4*n + 54 = -2*w, -n + 2*w = -2*n + 11. Suppose 0 = j - n*j + 7944. What are the prime factors of j?
2, 331
Suppose 0 = 4*r - g - 145, r = 5*g - 4 + 64. What are the prime factors of (4 - 133/r) + 108/10?
11
Let u be 29 - (12/4 - 2). Let q = u + -65. Let h = q + 82. List the prime factors of h.
3, 5
Suppose -8*a + 7 = -15*a. Let w(r) = 5*r**2 + 2*r + 2. List the prime factors of w(a).
5
Let u be 4/(-14) + (9 - 3750/7). Let q = -347 - u. List the prime factors of q.
2, 3, 5
Let w(o) = 247*o - 279*o - 56 + 319. What are the prime factors of w(0)?
263
Suppose 0 = 4*g - 0*g - 8, -5*s + 5*g = -175. Suppose 0*z - z - 11 = x, -3*x - 4*z = s. List the prime factors of x + 44 - (-5 + 1).
41
Suppose -5*v - b = 45, -v = -8*b + 4*b - 12. Let u(h) = 7*h**2 + 4*h - 16. Let l be u(v). List the prime factors of 8/6 - l/(-6).
2, 17
Suppose 5*a + 547 = -3*y - 989, 3*a - 2*y = -914. Let n = -177 - a. What are the prime factors of n?
3, 43
Let t(h) be the second derivative of h**4/12 - 2*h**3 + 11*h**2 + 10*h. Let x be t(10). Suppose x*g + 174 = 4*g. What are the prime factors of g?
3, 29
Let n(w) = 660*w**3 + 20*w**2 - 3*w + 35. What are the prime factors of n(5)?
2, 5, 7, 593
Suppose -3*y + 1 = -2*y. Let i be ((-310)/25)/(y/(-5)). List the prime factors of (713/i)/((-2)/(-12)).
3, 23
Suppose 5*l + 16 